7. Is f(-70) a prime number?
False
Let f(n) = n**3 - 3*n**2 - 4*n + 8. Let r be f(5). Let i = r - 74. Is (-1 + -3)/(i/27) + 1084 composite?
False
Let n(x) = -114*x**2 + 12*x + 3. Let y(v) = 113*v**2 - 14*v - 5. Let k(l) = -5*n(l) - 4*y(l). Suppose 0 = -3*i + 2*i + 2. Is k(i) prime?
False
Let f(l) = l**2 - 5*l - 106. Let x be f(-8). Is (4709/(-34))/(x/28) a composite number?
True
Let p(g) = -5*g**3 + 12*g**2 - g + 1. Let z be p(-5). Let n = 173 - 118. Suppose 0 = -2*h + n + z. Is h composite?
True
Let o be 1 - (-4314)/4*130/15. Let k = 5274 + o. Is k/4*38/57 composite?
False
Suppose 4*x - 20 = 0, 3*x = 5*m + 6*x - 140. Let u be (1 + -1)*m/(-50). Suppose u = -7*s + 2978 + 1705. Is s composite?
True
Let b = -200 - -206. Suppose -b*a - 7611 = -22185. Is a composite?
True
Suppose 4*n + 60 = -n. Is -274*((-2)/(-5))/(n/75) a composite number?
True
Let n(r) = 3*r**3 + 3*r**2 + 39*r + 368. Is n(35) a composite number?
False
Let h = 10428 + 5381. Is h prime?
True
Suppose -13*d = 116*d - 5309769. Is d a composite number?
False
Suppose 0*n + 3*y - 130379 = -5*n, -2*y = 2*n - 52154. Suppose -16051 = -25*v + n. Is v a composite number?
True
Let z(t) = 281*t**2 + 10*t - 983. Is z(-36) prime?
False
Is 22/10*(-8)/(-44) - (-1682326)/10 a composite number?
True
Suppose -3*r = 2*i - 1203505, 3*i + 428380 = 5*r + 2233628. Is i a prime number?
True
Let k(o) = -7*o**3 - o**2 + 5*o + 5. Let v be k(-1). Is (-164857)/(-63) - v/(-27) prime?
True
Suppose 16*l = 91329 + 436175. Is l composite?
False
Let w be (10/(-15))/(-3*(-3)/27). Let k be -7 + 144/45 + w/10. Is 8285/10 + k/8 + 1 a prime number?
True
Let g(j) = 81*j + 126. Let y be g(-9). Let o = -132 - y. Is o a prime number?
False
Let x be ((-13)/((-312)/(-2032)))/(4/6). Let a = x - -1860. Is a a composite number?
False
Is -6 - (599188/22*-17 - 127/1397) composite?
False
Let y be (4 - 42/12)*265822/(-1). Is 6/(-60) - y/10 composite?
False
Suppose p - 12 = 4*b, 0 = -19*p + 23*p + 4*b - 28. Let w(k) = 275*k**2 - 45*k + 17. Is w(p) a composite number?
False
Suppose 3*m + 1756 = 5677. Suppose -2*j + 7*j + 1559 = 3*i, 0 = j - 4*i + 322. Let a = j + m. Is a a prime number?
True
Let f(y) = -22*y**3 - 4*y**2 + 3*y + 3. Let o be f(-1). Suppose -o*n - 14325 = -33*n. Is n a composite number?
True
Let a be 20*6*(-2)/(-15). Let j be 1*a + (-25)/5. Let p(g) = -g**3 + 12*g**2 - g - 15. Is p(j) a prime number?
False
Let h be (-8)/6 + (-27366)/9. Let u be h/(-3)*(2/4)/1. Let l = u + 482. Is l a prime number?
False
Suppose 40 = -368*t + 360*t. Is (-60 + 4993)/((-1)/t) composite?
True
Let s(m) = 29*m**3 - 10*m**2 - 26*m + 8. Let x be s(8). Suppose -x = -28*f + 4528. Is f prime?
False
Let z(p) = 2*p**2 + 22*p - 104. Let m be z(4). Suppose 0 = m*n - 227328 - 85680. Is n a prime number?
False
Let x = 1 - 28. Let l = x + 128. Suppose l = q - 198. Is q composite?
True
Let q be (-2 + 701)*95 + (-4)/1. Suppose f + 60730 = 3*c, -2*c - 25921 = -2*f - q. Is c prime?
False
Suppose -5 = 5*k, -3*a + 137376 = k - 101606. Is a a prime number?
False
Is ((-3)/1)/((-299)/3322787) a composite number?
True
Is (-689218866)/(-322) + 120/(-460) composite?
True
Is (-1638)/(-312)*(-70988)/(-3) a prime number?
False
Suppose 5*y - 3*c = 3500852, 3*c - 2100518 = -3*y - 2*c. Is y a composite number?
False
Suppose 5*a = -4*y + 118995, -3*a + 4*y + 105586 - 34157 = 0. Suppose -b - a = -14*b. Is b composite?
False
Is (-3)/(-18) - (-47144460)/360 prime?
True
Let x(o) = 4*o - 27. Let f be x(9). Let s(w) = -w**2 + 9*w. Let c be s(f). Suppose 0 = -g + 1, 3*a + 3*g - 706 - 902 = c. Is a prime?
False
Let o(j) = j**3 + 46*j**2 + 40*j + 58. Suppose 26*s = -56 - 1010. Is o(s) a composite number?
False
Suppose 10709 = 4*w + q + 780, 3*w = -3*q + 7458. Let n be (-2 - -2)/(1*-1). Suppose s + n*s - 1490 = -3*b, 0 = 5*b + 4*s - w. Is b a composite number?
True
Let m be 242/12 + (-47)/282. Suppose m*q - 16*q = 13004. Is q a composite number?
False
Let r = 40 + 48. Let w be (-4 - 11)*(4 + 1). Let j = w + r. Is j composite?
False
Let m(x) = 11*x - 31. Let z be m(16). Suppose -v = -j + 1 + 152, 3*v - z = -j. Suppose r - j = -5*u, 3*u - 58 = u - r. Is u prime?
True
Is -14 + 17 - -70675 - 9 composite?
True
Suppose 3*n + 5 = -1, 2*p = -4*n - 138. Is 13/(p/(-13560)) + -5 prime?
True
Suppose -g - 168319 = 3*k, -24075 = -k + 3*g - 80168. Is k/(-65) - (-10)/(-65) a composite number?
False
Let a be (-63)/84 + (-30990)/(-8). Let c = a - -94. Is c a prime number?
True
Suppose 5*h = b - 92319, -2*b - 22*h = -25*h - 184652. Is b a composite number?
True
Let h be 6/(-12) + (-22)/(-4). Suppose h*i = 25 - 5. Is 4/6*21954/i a prime number?
True
Let h = 46 + -21. Let x be h/(-15)*(-5 + 2). Suppose -4*t + 1932 = x*z, -2*z = -4*t - 0*t + 1904. Is t a prime number?
False
Let n(l) = l + 7. Let y be n(-10). Let b be 2/y - (5 + (-64)/6). Suppose b*p - 2900 = -5*v, -2*v + p + 941 + 228 = 0. Is v a prime number?
False
Let g(t) = 3*t + 1. Let k be g(-2). Let n be (1 - (-2)/k)/(20/(-100)). Is 4/12 + -1 + (-4955)/n a prime number?
False
Let j(d) = -d**2 - 26*d - 158. Let l be j(-8). Is (-2)/(-7) + (-166638)/l prime?
True
Suppose 17*o = -2*o + 37*o - 928548. Is o a composite number?
True
Suppose 23*m = 143*m - 1068360. Is m a prime number?
False
Suppose 20*d - 26897 - 128883 = 16*d. Is d composite?
True
Suppose -2*v - 3*p = -7*p - 28, v + 2*p - 6 = 0. Suppose 4*m + v = 2*f - 7*f, 2 = -f. Is 4 - (m + -950 - -1) prime?
True
Let u(g) = -2*g - 58. Let t be u(-29). Let c be (-8)/((-16)/1026) + t. Let l = -212 + c. Is l a prime number?
False
Suppose 0 = 3*j + 5*h - 137961, 0*j = -j + 3*h + 45987. Let t = j - 32014. Is t a prime number?
False
Suppose 3*p - 2 = p. Let c be (p - -1)*-1 - -2. Suppose r = -c*r + 1049. Is r prime?
True
Is 2125739/266 + 3/2 composite?
False
Let d be 3/(-2)*20/(-15). Suppose -d*w - 93 = s, 46 = -2*w + 5*s - 29. Is (-292)/(-5) + 18/w prime?
False
Suppose q = -2*i - 8826 + 36825, q + 69987 = 5*i. Suppose 48*h + i = 54*h. Is h composite?
False
Suppose -i = -3*p - 179345, -538035 = 1191*i - 1194*i - 4*p. Is i composite?
True
Suppose 0 = -4*h + 14*u - 11*u + 209360, -156999 = -3*h - 3*u. Is h a prime number?
False
Suppose 6 = -4*t + 2*q, -4*t - 3*q - 11 - 20 = 0. Let b be -5 + (-50432)/12 - 80/(-48). Is (0 - b/t)*-2 prime?
False
Let l(k) = 147*k**2 + 30*k + 848. Is l(-17) a prime number?
True
Let n(q) = q**2 + 4*q - 1. Let c be n(-5). Suppose c*k = 8*k - 1876. Suppose -3*a + k + 1142 = 0. Is a a prime number?
False
Let i(r) = -r**3 + 11*r**2 + 12*r - 17. Suppose -23*j = -24*j + 7. Let g(a) = 3*a - 11. Let m be g(j). Is i(m) composite?
True
Let r(f) = -2*f - 5. Let k be r(6). Let m = -12 - k. Suppose 4*o = o - 2*b + 4453, -m = -b. Is o composite?
False
Suppose -3*w - 5*s + 224889 = 24853, 5*s + 200086 = 3*w. Is w a composite number?
True
Suppose 5*g = -5*i + 4913640, -7*i + 11*i = -5*g + 3930913. Is i composite?
True
Suppose -19*l - 11602144 = -51*l. Is l composite?
True
Let f(h) = 423*h + 53 + 99 - 1160*h. Is f(-6) composite?
True
Let i(m) = m**3 - 9*m**2 + 12*m + 6. Let n be i(7). Is (-1 - 297)*(-34)/n*-2 prime?
False
Is ((-587183)/3)/(-1) - (-270)/81 a prime number?
True
Let n = 2271 - -7664. Suppose 3*h = -3*m + 5961, -2*m - m = -5*h + n. Is h a composite number?
False
Suppose -24653 = -h - 4*f, 4*h - 122340 = f - 23830. Is h a prime number?
False
Suppose 7212 = 10*x - 9*x. Let o = -5111 + x. Is o a composite number?
True
Let b(j) = 13310*j - 771. Is b(5) prime?
False
Let d(o) = 6*o - 60. Let k be d(4). Let a = 307 + k. Is a composite?
False
Let p(v) be the third derivative of v**5/15 - v**4/24 - v**3/6 + 2*v**2 - 773*v. Suppose -4*w + 30 = 5*l - 2, 2*l = -w + 8. Is p(w) a prime number?
False
Is ((-32013)/6)/((-1)/(-3) - (-20)/(-24)) a prime number?
False
Let a be ((-35682)/(-4))/(((-54)/48)/(-3)). Suppose -5*n + a = -3*u, 3*n + 4*u - 2514 - 11753 = 0. Is n prime?
False
Let a = 43 - -1. Suppose 2*s = 136 - a. Suppose j + s = 2*j. Is j prime?
False
Suppose 0 = -22*l - 19*l + 1467884 + 8399873. Is l a prime number?
True
Let w(r) = 3*r - 22. Let k be w(9). Let n be (-4)/k*15/2. Is 2220/7 - n/(-42) a composite number?
False
Let k(i) = -2*i**2 - 28*i - 43. Let y be k(-12). Let a(s) = 3*s - 1. Let r be a(1). Suppose r*z - 10423 = -y*c + 78, -2*z = 4. Is c prime?
False
Let t = 342975 + -174172. Is 